he greatest common divisor of 44 and i?
4
Let r(x) = -219*x - 6297. Let k be r(-29). Calculate the highest common divisor of k and 26514.
54
Suppose 4*r - 72 = 4*n, -2*r + r = -5*n - 78. Let o(p) = -6*p - 42. Let w be o(n). Calculate the highest common divisor of w and 528.
48
Let y(k) = k**3 - 17*k**2 + 26*k + 135. Let g be y(15). Let h be (57/(-6))/((-2)/(-12)). Let w = h + g. Calculate the greatest common factor of 36 and w.
18
Suppose 185*f + 499517 = 1905517. What is the highest common factor of f and 38?
38
Let w(f) = -f**3 + 6*f**2 + 8*f + 2. Suppose -28 = 2*x - 6*x. Let s be w(x). Let b be (((-72)/28)/3)/(4/(-14)). Calculate the highest common divisor of s and b.
3
Let u = 181 + -180. Let w be u/(678/336 - 6/3). Calculate the greatest common divisor of w and 98.
14
Let n = 16164 + -14335. What is the greatest common divisor of n and 62?
31
Let j = 14 + -3. Suppose 6*c + 374 = 134. Let o = 62 + c. What is the greatest common divisor of j and o?
11
Let c(k) = -8*k + 80. Suppose 0 = -4*l - 3*d - 6, 2*d - 7*d - 10 = -3*l. Let s be c(l). Let o = -6 + 22. What is the greatest common divisor of o and s?
16
Let s = -42 - -46. Suppose -3*w - 6*m = -m - 34, -s*w = -3*m - 84. Let t = w - -5. What is the greatest common factor of t and 92?
23
Let j = 325 + -556. Let d = j - -236. Calculate the highest common divisor of 35 and d.
5
Let c be (-8)/(-36) + (-20116)/(-36). Let r = -424 + c. Calculate the highest common divisor of r and 30.
15
Suppose 526 = 5*w + 141. Let u be 39 + (280/(-168))/((-10)/(-36)). What is the greatest common divisor of u and w?
11
Suppose -5*f - q + 568 = -9*f, -3*f = -2*q + 431. Let w = f - -99. Let m be (-602)/w - (-4)/6. What is the highest common factor of m and 15?
15
Let v(b) = 249 - 521 + 260 + 9*b - 2*b**2 + 5*b**2. Let t be v(3). What is the highest common factor of 78 and t?
6
Let j be 0*(2 + 15/(-6)). Suppose j = -i + 5. Let c(b) = 6*b. Let h be c(i). Calculate the greatest common factor of 40 and h.
10
Let k(g) = 2*g**2 - 3*g - 9. Let v be k(-2). Suppose 1006 - 226 = v*u. What is the highest common factor of 39 and u?
39
Let i = -224 - -265. Let l be ((-54)/90)/(i/(-20) + 2). Calculate the highest common divisor of 28 and l.
4
Let s be 119/35*235 - (0 - -7). What is the greatest common divisor of s and 7326?
198
Let l(u) be the second derivative of u**4/6 - u**3 - 11*u**2/2 - 44*u. Let v be l(6). What is the highest common divisor of 225 and v?
25
Let w(i) = -2*i**2 - 33*i - 129. Let b be w(-7). Suppose t - 31 = 4*r + 17, 4*r = b*t - 192. What is the greatest common divisor of t and 12?
12
Suppose -2*w + 199 = -109. Suppose -23*c + 771 + 1206 = 367. Calculate the greatest common divisor of w and c.
14
Let q(l) = 284*l - 12198. Let g be q(43). What is the greatest common factor of 315 and g?
7
Let w = 78 - 74. Suppose m = a - 15, -w*a + 64 - 4 = -m. Calculate the highest common factor of a and 15.
15
Suppose -18*u + 13*u = 3*s - 56154, 0 = u - 4*s - 11263. Calculate the highest common factor of u and 105.
105
Suppose -40*c - 76*c + 577195 = -275405. What is the greatest common factor of 6 and c?
6
Let w(p) = p**3 + 23*p**2 + 25*p + 67. Let s be w(-20). What is the greatest common divisor of s and 236?
59
Suppose -2*n + 8957 = -o, 22*n + 22389 = 27*n - 3*o. What is the greatest common factor of n and 332?
166
Let i(y) = y**3 + 13*y**2 + y + 16. Let z be i(-13). Let j be (-1 + z)*715/26. Calculate the greatest common divisor of j and 5.
5
Let s(a) = -34 + 4*a**2 - 26 + 26*a - 16 - 38. Let b be s(4). Calculate the greatest common divisor of 54 and b.
54
Let k be (-1)/1*-3 + (-6)/6. Suppose -k*h = 4*j - 66, 2*h + 3*j - 48 = 20. Calculate the greatest common factor of h and 407.
37
Let h be 19/(-76)*-10 + (-42)/(-4). Suppose 52 = -155*j + 159*j. What is the greatest common divisor of h and j?
13
Let m be 8/((-477)/48 - -10). Suppose -32 = -28*c + 26*c. What is the highest common factor of m and c?
16
Suppose -2*z + 2*l - 228 + 1086 = 0, -4*l + 404 = z. Let a = 520 - z. What is the greatest common factor of 432 and a?
48
Let c(y) = -49*y - 3. Let b be c(-3). Let z = 1200 + -1170. Calculate the greatest common factor of b and z.
6
Suppose d - 276 = -2*v + 12, 2*v + 1392 = 5*d. Calculate the highest common divisor of 4340 and d.
140
Let v be 71 - 1 - (-3 + 3). Let g = 168 + -135. Suppose 30*u = g*u - 42. Calculate the highest common divisor of u and v.
14
Let p = -3 + 3. Suppose p = 4*y - y - 2*o - 5, -15 = -y + 4*o. Let f be y + -36*(1 - 2). Calculate the highest common factor of f and 175.
35
Suppose -2 = -2*l - 6. Let k be ((-1)/l)/(4/56). Let d be 30/36 - (285/90)/(-19). What is the greatest common divisor of d and k?
1
Let o = -212 - -365. What is the greatest common divisor of 255 and o?
51
Suppose -34*r = -g - 29*r + 855, 0 = 3*g - 5*r - 2555. What is the highest common factor of g and 300?
50
Suppose 83 = 3*s + 32. Suppose -s*v + 219 = -393. Calculate the highest common divisor of v and 3.
3
Suppose u + 242 = 3*u + h, 3*h = 3*u - 345. What is the highest common divisor of u and 272?
17
Let g be (-2 - 1)*82/(-12)*2. Suppose -52 = 39*f - g*f. Calculate the greatest common divisor of 13 and f.
13
Let v be 0*(12/3)/(-4). Let l(s) = -2*s + 3. Let t be l(v). Let m be 38/t - 18/27. Calculate the greatest common factor of 6 and m.
6
Let v = 3676 + -3601. Calculate the greatest common factor of 24 and v.
3
Let b(r) = -12*r + 147. Let j be b(-69). Calculate the greatest common factor of j and 475.
25
Let i(p) = 8*p. Let n be i(3). Let l(t) = 76*t - 6908. Let o be l(91). Calculate the greatest common divisor of o and n.
8
Let l = 628 - 428. Let a be (-6)/(-6 + (-1 - -5 - 0)). Suppose a*j + 3*r = 5*r + 128, -4*r + 64 = 2*j. What is the highest common divisor of j and l?
40
Let t be (-4)/(0 - 32) + (-3)/24. Suppose t = 52*x - 39*x - 403. What is the highest common factor of 62 and x?
31
Suppose 4*j - y = 3*y + 692, 3*y - 865 = -5*j. Let n = -157 + j. Calculate the greatest common factor of 40 and n.
8
Let s be 22/2 - (61 - -29)/(-18). Suppose -4*m - 2*t + 12 = 0, -8 = 3*m + m - 3*t. What is the highest common divisor of m and s?
1
Let a = -5 - -20. Let q = 27172 + -26977. Calculate the greatest common divisor of a and q.
15
Let v = -67 + 163. Let q be (48/28)/((-8)/(-28)). What is the highest common factor of v and q?
6
Let o be 8*(-39)/260*-7*(-20)/(-8). Calculate the greatest common factor of 750 and o.
3
Let b(l) = -148*l**2 - l - 3. Let n be b(-1). Let u be (n/(-18) - 9) + 3336/9. Calculate the highest common divisor of 20 and u.
10
Suppose 150*w - 146*w = 440. Suppose 11*q - w = -0*q. What is the highest common factor of q and 2?
2
Let w be (-6)/(-3) - ((-11)/(-33) - 128316/9). What is the greatest common factor of 21 and w?
21
Let t be (-1)/(2/12*-1). Suppose 2*i = -j + 11, 0 = j - i - t + 1. Calculate the greatest common divisor of 14 and j.
7
Let y be (-4)/14 + 1062/42. Let n(d) = d**2 + 8*d - 48. Let z be n(-11). Let b(t) = -9*t - 130. Let i be b(z). What is the highest common factor of i and y?
5
Suppose 506*p - 20356 = 499*p. Suppose -793 = 9*q - p. What is the greatest common divisor of 5 and q?
5
Let o be 6*(-1*(-12)/(-16))/((-24)/105328). Calculate the highest common divisor of o and 454.
227
Let i(o) = -388*o**2 + 2*o + 1 - o**3 - 9 + 393*o**2. Let u be i(-5). Let x be u/20 - ((-24)/(-15) + -2). What is the highest common divisor of 48 and x?
12
Suppose 5*t - 10 = 0, 10*s + 2*t - 289 = 5*s. Calculate the greatest common divisor of 2 and s.
1
Let q be (-9)/(4/((-16)/6)). Suppose 0 = -s + 8 + q. Let j be (-448)/(-48)*-3*(-2 + 10/8). What is the highest common divisor of j and s?
7
Let y be (-4 + (-276)/(-18))/((-2)/6). Let b be y + 39 - (-1 + -69). Calculate the highest common factor of b and 30.
15
Suppose -u + 50 = -107. Let z = -141 + u. Let k be (-12)/((-3)/1) - 2. What is the highest common factor of z and k?
2
Let s(i) = -i**3 - 12*i**2 + 39*i + 479. Let w be s(-12). Let d be ((-3)/(6/(-374)))/1. Calculate the greatest common divisor of d and w.
11
Let c be 157 - (-2 + 1) - -4. Suppose -5*n + 6*n = -2*x + 268, -5*n = -x + 145. What is the greatest common divisor of c and x?
27
Suppose 116 = 3*t - 10. Let i = t - 37. Suppose -2*g + i*d = -g - 95, 0 = 5*g - 2*d - 544. Calculate the highest common divisor 